. Is j a prime number?
False
Let c be (-256)/(-112) + 4/(-14). Suppose -l - c = i - 2*i, -4*l + 1 = -i. Suppose -i*h = 2*h - 2425. Is h a prime number?
False
Let f be (-377)/(-3)*-3*2/(-2). Suppose -4*t - 412 = -3*s + 549, -4*t = -s + 971. Let g = t + f. Is g prime?
False
Let j(f) = 36*f**2 - 14*f + 26. Is j(12) a composite number?
True
Suppose s + 4*q = 8*q - 4, 12 = 4*s - 2*q. Suppose -1 = f - s*f - 2*l, -2*f - 5*l - 3 = 0. Is ((-786)/(-3))/(2/f) prime?
True
Suppose 102*s - 94*s - 37864 = 0. Is s prime?
True
Suppose 30*g + 7*g - 399637 = 0. Is g prime?
False
Suppose 3*g - 38 = -29. Let x(l) = 3*l - 6. Let i be x(g). Suppose q + i*q = 596. Is q a prime number?
True
Is 2 - -1 - 178*3/(-3) prime?
True
Let z = -463 + 953. Let u = -612 - -333. Let p = u + z. Is p prime?
True
Suppose -5*w + 1038 = u, -2*u + 3*w - 4*w + 2094 = 0. Let s = -534 + u. Is s a prime number?
False
Let b(j) = -j**2 - 7*j + 10. Let h = 18 - 26. Let v be b(h). Suppose 3*c - 137 = -v*o - 2*o, 231 = 5*c + 4*o. Is c prime?
True
Let c(x) = 0*x + 18 - 2*x + 3*x + 0. Let o be c(-11). Is 2 + -1 - (-378)/o composite?
True
Let b be 5 - (2 - (0 + 0)). Suppose 3*c - 2 = -y, -4*c - 6 - 14 = 0. Suppose -b*n + 482 = y. Is n a prime number?
False
Suppose 4*a + 0*a + 12 = 0. Is (2 - 243/a) + -4 a composite number?
False
Suppose -9*d = -4*d - 125. Suppose -367 - d = -h + 3*r, -4*h = r - 1555. Is h a prime number?
True
Let g(r) = 8*r**3 - 1. Suppose 4*n = 5*z - 25, -z + 7*n - 2*n + 26 = 0. Let a be g(z). Suppose -4*v + 5*w = -a*v + 744, 2*w + 6 = 0. Is v a composite number?
True
Is (-8 - -9)/((-2)/(-350434)) composite?
True
Let c(v) = -v**2 + 2*v + 119. Suppose 3*u - 16 = -5*p + 9, u = 3*p - 1. Let b = -2 + p. Is c(b) prime?
False
Suppose -5*m + w + 88135 = -3*w, -5*w - 17648 = -m. Is m prime?
True
Let i(z) = z**3 + 7*z**2 - 4*z + 32. Let v be i(-8). Let x(f) = -f**3 - 2*f + 1735. Is x(v) composite?
True
Let d be 7/(-21) + (-40)/6. Let r = d + 13. Is 3/(-9) - (-512)/r prime?
False
Let s = -6059 - -10330. Is s composite?
False
Suppose -6*l + 3*l = r - 7429, 0 = 2*l + 8. Is r a prime number?
False
Let s = 49340 - 13669. Is s a prime number?
True
Let t = -30 + 35. Suppose 0*c + t*q = -2*c + 739, q = 1. Suppose 3*x - c = -2*w, -2*x - w = -3*w - 238. Is x a prime number?
False
Suppose -3*n = v - 7598, -47*n = -43*n + 5*v - 10149. Is n prime?
True
Let t = -2498 - -4957. Is t prime?
True
Let y be 8/2 - (-2 + 4). Let r be y/2*(4 - 0). Suppose r*v + 4*d - 1384 = 0, -2*v + 1730 = 3*v - d. Is v prime?
False
Let y be (-20)/35 - (0 - (-16444)/(-14)). Let n = 2251 - y. Is n a prime number?
False
Let z be 4*(1/2 + 1). Let j(g) = -3*g**2 - 3*g - 1. Let o(c) = -7*c**2 - 5*c - 2. Let l(u) = 5*j(u) - 3*o(u). Is l(z) a composite number?
True
Is (-63)/252 + 309/4*97 prime?
False
Suppose 3*s = -2 + 11. Let g(o) = 113 - o - o + s*o + 0*o. Is g(0) composite?
False
Let s = 34 - -932. Suppose -4*p = 2*p - s. Is p a prime number?
False
Let u = 56 + -318. Let i = 394 + u. Suppose 4*g = 4*r - i, -r = 2*g - 36 - 3. Is r composite?
True
Is (7431/(-15))/(1 + 48/(-40)) a prime number?
True
Suppose -8445 + 1973 = -4*j. Suppose 2*z - 4*c - j = -400, 0 = 3*z - 2*c - 1835. Is z prime?
True
Let k(v) = 3*v + 12. Let g(i) = -3*i - 13. Let o(p) = 2*g(p) + 3*k(p). Let n be o(4). Suppose 0 = -18*f + n*f - 1340. Is f a prime number?
False
Is (-6130)/((-8)/(-6)*3/(-2)) a composite number?
True
Suppose 51 - 1 = 2*k. Let w be 62 + (4 - (-4)/(-2)). Let c = w + k. Is c prime?
True
Suppose s + 4*b = -0*b + 1739, 3538 = 2*s - 4*b. Is s composite?
False
Suppose 8 = -b - 0. Let l be (-2)/b + 33/(-4). Let u(n) = 3*n**2 - n + 11. Is u(l) a composite number?
False
Suppose u = -3*u + 20668. Is u composite?
False
Let u(x) = x**2 + 6*x - 1. Let l be u(-7). Let f(t) = 4*t - 5*t - 5 + l + 3. Is f(-3) a prime number?
True
Suppose 9 = -5*s + 4. Let b(j) = -39*j - 2. Is b(s) a prime number?
True
Let n = -21 + 23. Suppose n*f - 2670 = -758. Suppose -4*y + 0*y + f = 0. Is y a composite number?
False
Suppose -2*p + 23 + 1 = 0. Suppose -4*a + s + p = 0, 4*s - 2*s = -3*a - 2. Suppose -3275 = -5*k + j, 2*k - 2*j - 2620 = -a*k. Is k prime?
False
Is 6 + -1 - (49 - 2435) composite?
True
Let c = 17 - 9. Is 51/3*-178*(-4)/c a prime number?
False
Let g be ((-9)/12)/((-21)/56). Let l be g/3 - (-2120)/15. Let z = 347 - l. Is z a prime number?
False
Suppose -z - r + 19 = -52, z - r = 73. Suppose 0 = l - 515 - z. Is l composite?
False
Let g(k) = -16*k - 35. Let n(v) = 32*v + 70. Let p(o) = -9*g(o) - 4*n(o). Is p(17) a composite number?
False
Suppose 0 = -2*x - 4*y - 11668, -15012 = 5*x + y + 14113. Let u(f) = -f**3 - 16*f**2 - 14*f + 21. Let t be u(-15). Is x/(-65) - t/10 a prime number?
True
Suppose 5*i = 7028 + 58522. Let g be i/(-50) - 1/(-5). Let s = 509 + g. Is s composite?
True
Let d be 2 + 35/2 + (-12)/8. Suppose -4*t + 8*t - 16 = 0, 3*c = -t + 16. Let k = d + c. Is k a prime number?
False
Let p(v) = 12*v**3 - 8*v**2 - 18*v + 81. Is p(19) a composite number?
False
Suppose 5*t - 19 = -0*t + 2*d, 24 = 3*t + 3*d. Suppose 0 = 4*x + 4*m - 134 - 358, -605 = -t*x - 3*m. Is x a composite number?
True
Suppose 6229 = 3*k - 2*x, 2*x + 3780 + 6599 = 5*k. Suppose k = 5*r - 0*r. Is r a composite number?
True
Let x be 8263/5 + 4 + 4/10. Suppose -3*z + x = -2*z. Is z composite?
False
Suppose 10 + 2 = -m. Let k(z) = 8*z**2 + 16*z - 2. Let q be k(m). Suppose 5*g - q = -5*b + b, -709 = -3*b + g. Is b composite?
True
Let m(z) = 795*z**3 - 2*z**2 + 12*z - 23. Is m(2) prime?
True
Let a = 5023 - 3506. Is a a composite number?
True
Let x(t) = t**2. Let k(m) = -5 + 13 - 7 + m - 12*m**2. Let c(n) = -k(n) - x(n). Is c(-4) prime?
True
Suppose -6*k + k + 5 = 0, -2*k = -5*w - 592. Let s be (159/(-6))/((-4)/(-8)). Let v = s - w. Is v a composite number?
True
Suppose 0*o + 9*o - 3393 = 0. Suppose 3*s + 609 = 5*r - 0*s, -3*r - 4*s = -o. Is r prime?
False
Let l(h) = 3*h + 22. Let j be l(-8). Is ((-53)/2)/(1/j) a prime number?
True
Suppose 0*q = 2*y - 2*q + 164, -5*y - 380 = 5*q. Suppose -4*a + 1486 = -5*j + 482, -j + 4*a = 204. Let k = y - j. Is k prime?
False
Let f(i) = 1731*i - 568. Is f(7) composite?
False
Is 1*(-5 - 57)*1101/(-6) prime?
False
Let g be 5*(-2630)/75*12. Let m = -453 - g. Is m composite?
True
Let o be (30/(-12))/((-1)/6). Suppose 12*z = o*z - 1011. Is z composite?
False
Let w(l) = 40*l - 4. Let s be w(-7). Let k = s - -577. Is k composite?
False
Suppose 749836 = 170*d - 102*d. Is d a composite number?
False
Let r(n) = 6 - 7 + 55*n + 0*n + 15*n. Let y be r(2). Suppose v + y = 2*v. Is v prime?
True
Let y = -5401 - -22218. Is y composite?
True
Suppose -i = -3*f + f + 1037, f = 3*i + 521. Suppose -4*n + f = 2*d, d - 480 + 200 = 5*n. Is d a prime number?
False
Suppose 15 = 3*j + 2*j. Suppose 4*d - j = 17. Suppose -d*o + 0 + 34 = 3*m, -4*m - 3*o = -49. Is m a prime number?
True
Suppose -2*c + 3 = -1. Suppose -5*i + c*b = -2*b - 4313, 5*b - 880 = -i. Is i a composite number?
True
Let c(a) be the first derivative of -21*a**4/4 - 5*a**3/3 - 2*a**2 + 2*a + 2. Is c(-2) a composite number?
True
Suppose 25*w - 55378 = 111447. Is w a prime number?
True
Let r be 0 - -1 - (-7 + 5). Suppose -2*c = -8, 1492 + 3801 = 5*x - r*c. Is x a composite number?
False
Suppose 11*f = 16*f - 34890. Suppose f = 3*p - 5*l, -4*l + l = 5*p - 11596. Is p prime?
False
Let b = -677 - -214. Let n = 770 + b. Is n composite?
False
Let c = 0 + 5. Suppose 110 = -5*d - c*a + 20, 3*d + 53 = -4*a. Let y = 276 + d. Is y composite?
False
Is ((-4493)/5)/((-47)/235) composite?
False
Let j be (-1)/(-6) - (-138)/36. Let y be 1 - (j + -359) - 1. Let c = y - 24. Is c a prime number?
True
Suppose 3*i = 8 + 10. Is 3 - (i/(-5))/(3/795) composite?
True
Let f be 71*12/3 + 3. Suppose v - 62 = 2*k, 4*v - k - f = -6*k. Suppose 0 = 3*l + v - 551. Is l composite?
True
Suppose -9 = -5*r + 1. Suppose -r*z + 4*z = 0. Suppose 0 = -4*c - s + 1060, 4*c - 1060 = -z*c + 2*s. Is c a prime number?
False
Let i(x) be the third derivative of x**4/24 + 7*x**3/6 + x**2. Let j be i(-20). Let p(t) = t**3 + 13*t**2 - 20*t - 9. Is p(j) a prime number?
True
Let x = -71 - -69. Let f(u) = -10*u**3 - 2*u**2 + 2*u + 6. Is f(x) composite?
True
Suppose 55*y - 52*y = 6. Suppose 11*z - y*z - 11835 = 0. Is z a prime number?
False
Suppose -3*o = 3 + 3. Let h be 3/(-1